ber?
False
Is 150781 composite?
True
Is 6067 a prime number?
True
Is 42983 composite?
True
Is 48563 prime?
True
Is 251 a prime number?
True
Is 8579 composite?
True
Is 1135669 a prime number?
False
Is 285497 composite?
False
Is 135559 a prime number?
True
Is 4691 a prime number?
True
Is 15166 a composite number?
True
Is 28019 a composite number?
False
Is 388067 a prime number?
True
Is 121403 a prime number?
True
Is 328087 a prime number?
False
Is 85433 composite?
True
Is 16127 a composite number?
False
Is 12877 a composite number?
True
Is 69587 composite?
True
Is 333269 a prime number?
True
Is 28687 composite?
False
Is 940469 prime?
True
Is 8657 composite?
True
Is 9327 a composite number?
True
Is 11467 a composite number?
False
Is 2418569 composite?
True
Is 1397 a prime number?
False
Is 1117 a prime number?
True
Is 114883 composite?
False
Is 43243 a composite number?
True
Is 74291 prime?
False
Is 265781 composite?
False
Is 3163 a prime number?
True
Is 198979 a composite number?
True
Is 38011 a composite number?
False
Is 20017 prime?
False
Is 2653 prime?
False
Is 100043 a prime number?
True
Is 77338 a composite number?
True
Is 2254137 composite?
True
Is 2372953 a prime number?
False
Is 443 a composite number?
False
Is 4873 composite?
True
Is 477209 composite?
False
Is 81803 composite?
True
Is 106637 a prime number?
True
Is 394073 prime?
True
Is 19277 a composite number?
True
Is 12457 prime?
True
Is 83737 prime?
True
Is 36053 a prime number?
False
Is 7789 a prime number?
True
Is 741667 prime?
True
Is 2609 a composite number?
False
Is 124511 composite?
True
Is 29593 a composite number?
True
Is 233 prime?
True
Is 4327 composite?
False
Is 6947 prime?
True
Is 52489 composite?
False
Is 2807 prime?
False
Is 11113 composite?
False
Is 1753 prime?
True
Is 3251 composite?
False
Is 854257 a prime number?
True
Is 508901 a composite number?
False
Is 3479249 prime?
True
Is 904459 a prime number?
True
Is 8251 a composite number?
True
Is 94999 prime?
True
Is 6343 a composite number?
False
Is 33083 a composite number?
False
Is 29719 a composite number?
True
Is 862214 a prime number?
False
Is 22667 a composite number?
True
Is 181243 prime?
True
Is 17851 composite?
False
Is 238454 composite?
True
Is 447023 a composite number?
True
Is 78871 composite?
True
Is 31783 prime?
False
Is 244609 composite?
True
Is 663937 a composite number?
False
Is 81241 composite?
True
Is 443 a composite number?
False
Is 1965178 composite?
True
Is 348389 a prime number?
True
Is 114997 composite?
False
Is 27509 a composite number?
False
Is 33679 a composite number?
False
Is 22886 composite?
True
Is 23971 prime?
True
Is 106907 composite?
False
Is 46983 a composite number?
True
Is 396833 prime?
True
Is 254071 prime?
True
Is 5963 composite?
True
Is 630119 prime?
False
Is 26842 a composite number?
True
Is 46721 a prime number?
False
Is 54133 prime?
True
Is 5317 prime?
False
Is 142187 a prime number?
False
Is 46519 prime?
False
Is 96791 composite?
True
Is 33103 a prime number?
False
Is 100693 prime?
True
Is 93047 prime?
True
Is 10037 a prime number?
True
Is 10709 prime?
True
Is 19945 composite?
True
Is 1226255 prime?
False
Is 36827 composite?
True
Is 11857 a prime number?
False
Is 20681 composite?
False
Is 45457 prime?
False
Is 14143 a prime number?
True
Is 263 composite?
False
Is 157359 composite?
True
Is 53071 prime?
False
Is 9091 composite?
False
Is 4547 composite?
False
Is 2681 composite?
True
Is 145346 a composite number?
True
Is 9557 prime?
False
Is 15427 a composite number?
False
Is 64399 a prime number?
True
Is 50033 a composite number?
False
Is 2503 a prime number?
True
Is 2149 prime?
False
Is 1068458 a prime number?
False
Is 32203 a prime number?
True
Is 745 a prime number?
False
Is 8861 prime?
True
Is 132137 composite?
False
Is 17273 composite?
True
Is 2051 composite?
True
Is 18899 a prime number?
True
Is 48301 composite?
True
Is 46337 a prime number?
True
Is 35221 composite?
False
Is 687623 prime?
True
Is 20543 composite?
False
Is 342037 composite?
False
Is 82651 prime?
True
Is 42323 prime?
True
Is 7453 a composite number?
True
Is 384519 a prime number?
False
Is 27289 a prime number?
False
Is 30749 prime?
False
Is 52313 prime?
True
Is 250253 composite?
False
Is 545789 composite?
False
Is 14941 a prime number?
False
Is 19247 prime?
False
Is 10651 a composite number?
False
Is 105923 a prime number?
False
Is 149939 a prime number?
True
Is 531731 prime?
True
Is 334793 a prime number?
True
Is 21787 a composite number?
False
Is 416321 prime?
False
Is 62569 a composite number?
True
Is 47501 composite?
False
Is 588691 a composite number?
True
Is 743801 a prime number?
False
Is 9593 a composite number?
True
Is 25853 composite?
True
Is 61949 a composite number?
False
Is 16183 a composite number?
False
Is 419 prime?
True
Is 22927 prime?
False
Is 79171 a composite number?
True
Is 4699 a prime number?
False
Is 79223 a prime number?
False
Is 774581 a prime number?
False
Is 2041301 a composite number?
True
Is 77795 composite?
True
Is 15641 prime?
True
Is 211283 a composite number?
False
Is 53121 composite?
True
Is 752459 a composite number?
False
Is 28781 a prime number?
False
Is 247087 a composite number?
False
Is 784447 prime?
True
Is 13165 a prime number?
False
Is 77893 prime?
True
Is 1817 prime?
False
Is 99961 composite?
False
Is 346961 composite?
False
Is 269011 a composite number?
True
Is 713533 composite?
False
Is 6227 composite?
True
Is 6245 prime?
False
Is 75619 a prime number?
True
Is 27273 a composite number?
True
Is 31139 a prime number?
True
Is 720527 a prime number?
True
Is 1561049 a prime number?
False
Is 38149 prime?
True
Is 623591 composite?
False
Is 1198 composite?
True
Is 877 a composite number?
False
Is 82699 prime?
True
Is 19571 prime?
True
Is 31373 a composite number?
True
Is 147442 a composite number?
True
Is 32287 a prime number?
False
Is 118 a composite number?
True
Is 17473 prime?
False
Is 172583 a prime number?
True
Is 8663 prime?
True
Is 47473 a composite number?
True
Is 41927 a prime number?
True
Is 83737 a prime number?
True
Is 3659 composite?
False
Is 1578217 composite?
False
Is 149183 a prime number?
True
Is 11251 prime?
True
Is 11531 a composite number?
True
Is 4271 prime?
True
Is 74093 a prime number?
True
Is 154439 a composite number?
False
Is 1143731 a prime number?
False
Is 52853 a composite number?
True
Is 30035 prime?
False
Is 206699 prime?
True
Is 693442 prime?
False
Is 43211 a composite number?
True
Is 4963033 composite?
True
Is 49103 a prime number?
True
Is 4903 composite?
False
Is 14879 a prime number?
True
Is 1292851 prime?
False
Is 2501 prime?
False
Is 22241 composite?
True
Is 3073 a composite number?
True
Is 327229 prime?
False
Is 16183 composite?
False
Is 178559 prime?
True
Is 2183 a composite number?
True
Is 135734 a prime number?
False
Is 11338 a composite number?
True
Is 7039 composite?
False
Is 338495 composite?
True
Is 117677 a prime number?
False
Is 5953 prime?
True
Is 3761 prime?
True
Is 859591 a prime number?
False
Is 1213 a prime number?
True
Is 424121 prime?
True
Is 148619 prime?
False
Is 2787879 prime?
False
Is 19547 composite?
True
Is 5983 prime?
False
Is 3787 a composite number?
True
Is 16621 composite?
True
Is 101627 composite?
False
Is 131434 a composite number?
True
Is 336899 a prime number?
True
Is 10259 a composite number?
False
Is 835249 a prime number?
True
Is 13883 a composite number?
False
Is 32989 a prime number?
False
Is 647 a composite number?
False
Is 347203 composite?
True
Is 77869 a prime number?
False
Is 196491 a prime number?
False
Is 263317 a composite number?
True
Is 1693 a composite number?
False
Is 197719 a prime number?
False
Is 5485 prime?
False
Is 175621 a prime number?
True
Is 34059 composite?
True
Is 232549 composite?
False
Is 124067 composite?
False
Is 670571 a prime number?
False
Is 11213 a prime number?
True
Is 867059 prime?
True
Is 232819 a composite number?
False
Is 60869 composite?
False
Is 40121 a prime number?
False
Is 5039 a composite number?
False
Is 50905 composite?
True
Is 151379 prime?
True
Is 91771 a prime number?
True
Is 638453 prime?
True
Is 5767 a composite number?
True
Is 5917 a composite number?
True
Is 68405 a prime number?
False
Is 542911 a composite number?
False
Is 1664407 a composite 